he prime factors of z(a)?
2
Let k(g) = 3*g**2 + 13*g - 36. List the prime factors of k(11).
2, 5, 47
Let i(k) = -k**2 - 5*k + 3. Let m = 12 + -17. Let x be i(m). Suppose x*v + 3*l - 27 = v, -v - 2*l + 15 = 0. List the prime factors of v.
3
Let r = -303 + 878. What are the prime factors of r?
5, 23
Let x = -54 - -56. Suppose x*c - 7*c = -755. List the prime factors of c.
151
Let c(m) = -3*m + 35. Let v be c(12). Let t = 13 + -25. What are the prime factors of -1 + (0 - t) - v?
2, 3
Suppose 2*d - 27*d + 15700 = 0. What are the prime factors of d?
2, 157
Suppose 5*r = 6*u - u + 50, -3*r = 2*u. What are the prime factors of (-21)/u*(-20)/(-2)?
5, 7
Let j = 17 - 78. Let r be 4/3*78/(-4). Let w = r - j. What are the prime factors of w?
5, 7
Suppose s + 8 = 2*c, 4*c - 8 = -5*s + 22. Suppose -4*b = s*k - 116, 4*b + 0*k - 120 = -k. What are the prime factors of b?
31
Suppose 11*x + 1942 = 7277. Suppose -5*i - 5*j + x = 0, -4*j + 0 = -12. What are the prime factors of i?
2, 47
Let w = -953 - -2586. What are the prime factors of w?
23, 71
Let c(d) = -29*d**3 - 6*d**2 - 6*d - 2. What are the prime factors of c(-2)?
2, 109
Suppose 3 = -2*o - 21. Let v be 36*(-1)/(o/8). Suppose 0 = -z - 8 + v. What are the prime factors of z?
2
Let x = 2090 + -334. List the prime factors of x.
2, 439
List the prime factors of (-25)/125 + 4166/5.
7, 17
Let f(s) = 5*s**2 + 182. What are the prime factors of f(-17)?
1627
Let r(z) = 4 + 2*z**2 + 8*z + 0*z - 3*z**2. Let y be r(8). Suppose 0 = g - 2*p - 49, 2*g - 18 - 56 = -y*p. What are the prime factors of g?
43
Suppose 13*g + 29*g - 36288 = 0. What are the prime factors of g?
2, 3
Suppose -2*m - 2129 + 10805 = 2*x, -3*m + 13028 = -4*x. What are the prime factors of m?
2, 5, 7, 31
Let s(q) = 2*q - 3. Let g be s(3). Suppose g*k = -76 + 886. List the prime factors of k.
2, 3, 5
Let g(f) = f**2 + 7*f + 59. What are the prime factors of g(16)?
7, 61
List the prime factors of 2240 + (5 - (4 - (0 + -2))).
2239
Let f(u) = -13*u**3 - 4*u**2 - 3*u - 22. What are the prime factors of f(-5)?
2, 3, 11, 23
Suppose 0 = 23*a - 25*a + 6. Let l be 149 + (-2 - (-6 + a)). Suppose 8*k - l = 2*k. List the prime factors of k.
5
Let p(b) = -12*b**2. Let k be p(-1). Let a(x) = x**2 + 3. What are the prime factors of a(k)?
3, 7
Suppose 0 = -0*b + 2*b + 74. Suppose 4*t + 12 = -68. Let w = t - b. What are the prime factors of w?
17
Suppose 3*t = -4 + 19, 0 = q - 2*t - 1657. List the prime factors of q.
1667
Let p = 129 - -1147. What are the prime factors of p?
2, 11, 29
Suppose -3*c - 1104 + 9504 = 3*h, 5616 = 2*h - 2*c. What are the prime factors of h?
2, 701
Suppose -26*d + 115 = -21*d. Let f = d - -44. What are the prime factors of f?
67
Suppose 555*b = 560*b - 4780. What are the prime factors of b?
2, 239
Let t = 490 - 339. Suppose -5*g - 21 = -t. Let l = g + 0. What are the prime factors of l?
2, 13
Suppose -q = 5*s - 13373, 0*q = 5*s - 3*q - 13361. List the prime factors of s.
2, 7, 191
Let h = 160 + -108. List the prime factors of h.
2, 13
Let o(t) = -2*t**2 + 10*t - 4. Let z be o(4). Let s be (-8)/6*(3 + -6). Suppose -z*w + s + 12 = 0. List the prime factors of w.
2
Let d = -488 + 1118. List the prime factors of d.
2, 3, 5, 7
Suppose 0 = -19*y + 203 + 2286. What are the prime factors of y?
131
Let h(b) = 30*b**2 - 18*b + 1. List the prime factors of h(-5).
29
Suppose 9 = 2*k + 19. Let i be (-77)/k - (-4)/(-10). List the prime factors of 24/12*(i - -1).
2
Let g(d) = -d**3 + 29*d**2 - 45*d - 10. List the prime factors of g(26).
2, 53
List the prime factors of 2*1*(-1950)/(-52).
3, 5
Let k(x) = -245*x - 2. Let u(m) = 1225*m + 10. Let g(v) = -22*k(v) - 4*u(v). Let c be g(2). List the prime factors of (-4)/(-26) + c/26.
2, 19
Suppose 10461 = 3*a - 3*h, 8071 + 2414 = 3*a + 5*h. List the prime factors of a.
2, 5, 349
Let r = 2689 - 1219. List the prime factors of r.
2, 3, 5, 7
Let b be (-2)/((-16)/46) + (-8)/(-32). Suppose -3*d + 2*l = -222, -b*d - 5*l + 296 = -2*d. What are the prime factors of d?
2, 37
Suppose -4*f + 0*f = 3*t - 2, -4*t = 4*f - 4. Let o(b) = b**3 - 4*b**2 + 2*b + 5 - 2*b**2 + 16*b**t + 5*b. List the prime factors of o(-9).
23
Suppose 7*u = 3*u + j + 19, 0 = -3*j + 3. Suppose -2*y + y + 5 = 0, -5*k + 60 = 2*y. What are the prime factors of (u/2)/(1/k)?
5
Let h(q) = 2*q - 19. Let o = -7 + 15. Let s be h(o). What are the prime factors of (6/(-2))/s*30?
2, 3, 5
Suppose 0 = -4*l - 0*l + 20. Suppose l*f = -h + 113, 5*h - 5*f - 14 = 401. List the prime factors of h.
2, 11
Let f = 4582 + -3153. What are the prime factors of f?
1429
Suppose 4*n = 3*x - 7*x + 2828, -2*n - 6 = 0. Let s = x - 408. List the prime factors of s.
2, 151
Let j(o) = -2*o + 13. Let v be j(4). Suppose v*z - 253 - 122 = 0. List the prime factors of z.
3, 5
Suppose 0 = 2*c - 4*i - 70, 4*i = -4*c + 196 + 4. Suppose -d - c = -106. List the prime factors of d.
61
Suppose 10*k = 918 - 68. What are the prime factors of k?
5, 17
Let t = -265 - -1183. What are the prime factors of t?
2, 3, 17
Let l be (-586)/(-6) + 1/15*5. Suppose -l = 2*y - 3*y. List the prime factors of y.
2, 7
Suppose -5*t + 5*s + 15925 = 0, t - 3*t - 2*s = -6382. What are the prime factors of t?
2, 797
Suppose -4*p + 2*u - u - 115 = 0, 0 = p - 3*u + 15. Let b = p - -79. What are the prime factors of b?
7
Let r(j) = -j**3 + 15*j**2 + 16*j + 7. Let o(n) be the second derivative of 5*n**3/6 + n**2/2 - 5*n. Let h be o(3). What are the prime factors of r(h)?
7
List the prime factors of (-6811)/(-7) + -9 + 10.
2, 487
Let h(c) = 14*c**3 - 2*c**2 + 3*c - 3. Let b = -28 + 30. Let a be h(b). Let y = a + -62. What are the prime factors of y?
3, 5
Let x(l) = 75*l**2 - 32*l - 98. List the prime factors of x(-3).
673
Let h be 7 + (-5 - (-3 - 1)). Suppose 0 = -10*r + h*r + 1100. List the prime factors of r.
5, 11
Let o = 264 + 398. What are the prime factors of o?
2, 331
Let c(o) = -o - 7. Let a be c(-7). Let w be 10/15*(-6)/8*-40. Suppose -3*q = p - w, -p - p + 3*q + 67 = a. List the prime factors of p.
29
Suppose 2780 = -273*v + 275*v. What are the prime factors of v?
2, 5, 139
Let t = -36 + 172. What are the prime factors of t?
2, 17
Let n = -3652 - -5670. List the prime factors of n.
2, 1009
Let k = 1227 + -222. List the prime factors of k.
3, 5, 67
Suppose 5*k - 53 = -u, k = 5*k - 12. Suppose -4*l + 6*l - u = 0. What are the prime factors of l?
19
Let m(v) = -1. Let h(p) = p - 1. Let w(f) = h(f) - 2*m(f). Let g(l) = 2*l**3 + l**2 + 1. Let t be g(0). What are the prime factors of w(t)?
2
Let v(x) = -37*x - 214. List the prime factors of v(-23).
7, 13
Let d = -14 - -11. What are the prime factors of (-1 + (-325)/(-10))*(-22)/d?
3, 7, 11
Let b be 0*3*5/15. Suppose 2*v + 5*z = 59, -3*z - 120 = -3*v - b*z. List the prime factors of v.
37
Let c = -25 + 13. List the prime factors of (c - -9) + 1*43.
2, 5
Suppose 2*z + 2876 = 3*r, 4*z - 2888 = 24*r - 27*r. What are the prime factors of r?
2, 3, 5
Let g be ((-6)/8 - (-103506)/24) + 1. Suppose 0 = 11*a + 1255 - g. List the prime factors of a.
2, 139
Let y(t) = 34*t + 609. What are the prime factors of y(0)?
3, 7, 29
Let u(m) = m - 8. Let z be u(10). Suppose -2*i - z*i = 0. Let p = 16 + i. What are the prime factors of p?
2
Let c = 843 - 141. List the prime factors of c.
2, 3, 13
Let w = 806 - 739. List the prime factors of w.
67
Let d(f) = -f**2 + 10*f + 14. Let m be d(11). Suppose -10 + 1 = -m*l. Let j = l + 9. List the prime factors of j.
2, 3
Let i = -286 + 562. Let y = i - 184. What are the prime factors of y?
2, 23
List the prime factors of (10/(-8))/(55/(-22880)).
2, 5, 13
What are the prime factors of 2909/1 + 15/(-3)?
2, 3, 11
Let o(s) = 271*s + 46. List the prime factors of o(7).
29, 67
Let y = 357 + -76. List the prime factors of y.
281
Let n = -3332 - -5095. Suppose -4*q = -12, -q = -5*o - 511 + n. What are the prime factors of o?
251
Let c(q) be the first derivative of q**3 + 3*q**2 + 3*q - 10. What are the prime factors of c(3)?
2, 3
Let a(h) = -9*h**2 - h + 29. Let s(q) = 5*q**2 + q - 14. Suppose -5*o = -8*o - 9. Let z(p) = o*a(p) - 5*s(p). What are the prime factors of z(6)?
43
Let t(o) = o**3 - 14*o**2 + 6. Let f be t(14). List the prime factors of f/((-144)/(-3030)) - (-3)/4.
127
Suppose -7*y - 336 = 280. Let i = 92 + y. List the prime factors of i.
2
What 